Is u prime?
False
Suppose 0 = -5*q - 33 - 7. Let d be (-3974)/6 - (q/(-12) + -1). Let j = d + 1405. Is j a prime number?
True
Suppose 21*j = 22*j - 2537. Let z = j - 1794. Is z composite?
False
Let w be 321064/28 + 12/(-21). Let d = w + -6572. Is d prime?
False
Let d = 746378 + -415001. Is d prime?
False
Let k = 110006 - 65655. Is k prime?
True
Let n(g) = 6*g**3 - 10*g**2 + 29*g - 33. Let a be n(8). Suppose 0 = 4*b - 7*b + a. Is b composite?
False
Let f(d) be the third derivative of -3*d**4/8 - 7*d**3 + 29*d**2. Let q be f(-5). Suppose -q*k + 9 = 0, -x + 5*k = -3*x + 329. Is x composite?
False
Let h(l) = l**3 + 13*l**2 + 11*l + 1. Let i be h(-12). Let a = i + -254. Let g = a + 564. Is g composite?
True
Let v(o) = -1. Let w(k) = 2. Let h(z) = -z. Let g(x) = -2*h(x) - w(x). Let b(p) = -g(p) - 3*v(p). Is b(-7) prime?
True
Let q(s) = 4825*s + 2055. Is q(10) prime?
False
Suppose 12 = -t - 4*o, -3*t + 5*t = -3*o - 9. Suppose 4*k - v + 9229 = 3186, t = -2*k - 4*v - 3008. Let d = 183 - k. Is d prime?
True
Let f(n) = 298*n - 81. Let z(t) = -150*t + 40. Let i(g) = -6*f(g) - 10*z(g). Is i(-15) prime?
False
Is 1861092/16 - -4 - 45/36 a composite number?
True
Suppose -163*u + 69*u + 9270374 = 0. Is u a prime number?
True
Let m(x) = 50*x + 4. Let g be m(15). Let v be (-10)/(-95) + (-338)/(-38). Let s = g + v. Is s a prime number?
False
Let o = 233 - -135. Suppose 15*f + o = 19*f. Suppose 4*a + 1172 = 4*g, -2*g + f + 484 = -4*a. Is g prime?
False
Let j be 20/2*(25/(-10) - -3). Suppose -2*t - 5*b + 5244 = 0, 0 = j*t + b - 5*b - 13143. Is t a prime number?
False
Let n = 29414 + 179565. Is n a prime number?
False
Suppose -6*n + 15 = -99. Suppose -n*i - 248420 = -39*i. Is i a prime number?
True
Let c be (-296)/3*(-113 - -14). Suppose -2*d - 4*f - c = -6*d, 2*d = 3*f + 4889. Is d a prime number?
True
Suppose 0 = 465*g - 455*g - 12130. Let n = g + -662. Is n prime?
False
Let w be (-290 - 3)*(0 + 1). Let z = 1040 - 604. Let r = z + w. Is r a composite number?
True
Suppose -5*h = -5, -5*y + 7*h - 2*h - 25 = 0. Let b = 8 + -6. Is (((-4)/3)/y)/(b/8790) a composite number?
True
Let a(f) = 27*f - 48. Let v be a(-17). Let d = 800 + v. Is d composite?
False
Is (-17381112)/(-360) + 18/135 a prime number?
True
Let o = -114458 + 568137. Is o prime?
False
Suppose 35*g - 8371885 = 7453820. Is g prime?
False
Let w be (6 - 36)*(-2)/(-3). Let n(m) = -m**3 + 10*m**2 + 59*m + 63. Is n(w) prime?
True
Suppose 2*x + 35028 = -1244. Let f = x + 26405. Is f prime?
True
Let z(a) = 27356*a + 2925. Is z(4) a prime number?
True
Let o(a) = 213*a**2 + 5*a - 25. Let q be o(-10). Suppose 12*l = 87333 - q. Is l a composite number?
True
Let m(h) = h - 42. Let k be m(16). Let d = 32 + k. Suppose 0 = 4*i - d*r + r - 5483, -3*i + 4*r = -4113. Is i a prime number?
True
Let p(j) = 33*j**2 - 10*j + 38. Let l be p(16). Suppose -2*t = -s + 2635, -5*s - l = -2*t - 21493. Is s prime?
True
Suppose -i - 3850 - 5506 = 0. Let y = i - -20061. Is y composite?
True
Is ((-6)/(42/152957))/(-1) a prime number?
True
Suppose -3*x + 2*w = -869941, 92*w = -5*x + 91*w + 1449906. Is x a prime number?
False
Let y be 0 + -1 + 6 - 0. Suppose 6*d - 10*d + y*x + 19832 = 0, 0 = -2*x + 8. Is d prime?
False
Let m be ((-6654)/4)/(-6 + (-126)/(-24)). Let g = 3855 - m. Is g a prime number?
True
Suppose 0 = -6*z + 6851503 - 826825. Is z a prime number?
False
Suppose o + 1 = -2. Suppose 11126*f = 11128*f + 1370. Is 3/(o/f) - 0 composite?
True
Let p(u) = 395*u - 47. Let l be p(24). Suppose -4*g - 3*c = -18893, 2*g = c + 2*c + l. Is g composite?
False
Suppose -7*o = 6*o + 13*o - 168142. Is o a prime number?
False
Is ((-318118)/4)/((-83)/166) prime?
True
Let c = 16429 + -7196. Let w(b) = -33*b**3 + 299*b**2 - 3*b + 5. Let t be w(9). Is (c - -1) + t/28 a composite number?
False
Let m = 485 + 7821. Let q = m + -5269. Is q prime?
True
Suppose 4*u - 410538 = -2*j + 247350, -2*u - 2*j + 328946 = 0. Is u prime?
True
Suppose -31*t + 5719 = -12*t. Is t a prime number?
False
Suppose -32*z + 1626096 - 358924 + 10689212 = 0. Is z composite?
True
Let b(v) = v**2 - 112*v + 14. Is b(-19) composite?
False
Suppose 3*y - 245457 = 2*m, 4*y + 20*m = 25*m + 327283. Is y prime?
True
Let c = 546 - 120. Suppose -u + 414 + c = 0. Let f = u - 371. Is f prime?
False
Is (-71)/(-497) - (-84012)/14 a composite number?
True
Suppose -30*p - 6796 = -34*p. Let t = p - 901. Suppose -n + t = 3*c, 0 = 3*n + 5*c + 768 - 3150. Is n composite?
True
Let i(y) = -3*y**3 + 12*y**2 + 34*y - 13. Let m be (-1 - -2)*40/(-8)*2. Is i(m) a composite number?
False
Let k be 34/(-85)*(-2 - -6112). Let q = k - -6237. Is q a prime number?
True
Suppose -19*m = -6756 - 3523. Is m a composite number?
False
Is 241892/12 - (104/(-6) - -17) composite?
True
Suppose -1009*g + 989*g = -800620. Is g a composite number?
False
Suppose 181*a = -32*a + 1651389. Is a a composite number?
False
Let x = -37 - -35. Let z be (x/2)/(-3 - -4)*730. Is (-21)/(-14)*z/(-3) a composite number?
True
Let j be (-138)/(-8) - (6/8)/3. Suppose 0 = -16*y + j*y - 3. Is (-1 + (-1)/y)*(-423)/6 a composite number?
True
Let w = 183 + -183. Suppose 5*z - 23284 + 9759 = w. Is z composite?
True
Suppose 3*h - 6 = 5*t, -2*h + 6 = 4*t + 2. Suppose -4*w - 323 = -x, x = -6*w + h*w + 347. Is x a composite number?
True
Let n(r) = 4298*r + 2005. Is n(2) a prime number?
True
Suppose -7*s + 28347 = -9845. Suppose 2*t + 2*m = s, 9*t + 4*m = 11*t - 5426. Is t composite?
True
Let q = -39 - -41. Suppose 0 = -q*n + 6*n - 6096. Suppose 0 = s - 3*a - 381, -n = -4*s - 5*a + 3*a. Is s a composite number?
True
Let h = 290 + -287. Suppose h*q - 235137 = -18*q. Is q composite?
False
Let d = 420 - 101. Suppose 3*o - 2*y - 346 - 615 = 0, o - d = y. Is o a composite number?
True
Let l = 42 + -6. Let a = 36 - l. Suppose a = 2*y - 0 - 10, 4*d + 4*y = 368. Is d a composite number?
True
Let s be (14 + 4)/3 - 2861. Is (6 + -13 + 10)*s/(-3) composite?
True
Suppose 0 = 5*u - 5*f + 90, -3*f = 2 + 4. Let p(h) = -4*h**2 + 4*h - 1. Let b(c) = 14*c**2 - 45*c + 2. Let d(n) = -b(n) - 5*p(n). Is d(u) prime?
False
Let z = 294 + -673. Let j = -92 - z. Is j prime?
False
Is (-131095736)/(-1606) + (-3)/(-11) composite?
False
Let v = 287 + 871. Let a = v - -203. Is a prime?
True
Suppose z = -9 + 13. Suppose -6*x + 14 = -z*x - 4*l, 2*l - 23 = -5*x. Suppose 3*h - x*b - 4971 = 0, 2*b - 5*b = 0. Is h prime?
True
Is (80/(-32)*192968/50)/((-2)/5) a prime number?
True
Let o(q) = -29635*q + 751. Is o(-4) prime?
True
Suppose 2*o + 16 = -2*o - 4*f, -2*o - 3*f - 4 = 0. Let v(h) = 3*h**2 - 2*h - 5. Is v(o) prime?
False
Suppose 25715658 = 565*c - 33308197. Is c a composite number?
True
Let x = -326 - -776. Let c = x + -265. Is c composite?
True
Is ((-3)/(-2))/(15/433390) - -4 composite?
True
Suppose q + 83142 + 134551 = 2*w, -4*w + 435393 = 5*q. Is w prime?
False
Let k be (-31)/8*-4*-852. Is k/(-6) - 6/1 composite?
True
Is 33 - (-6297072)/192 - 6/(-8) prime?
True
Let o(f) = 711*f - 307. Is o(8) a composite number?
False
Suppose -15*g = -1040334 - 672759 - 2033817. Is g prime?
False
Suppose 0*a + 15032 = 5*a + 4*f, -f + 9022 = 3*a. Let m = 5161 - a. Is m a prime number?
True
Let j = 224 - 199. Let y(r) = -2*r**3 + 53*r**2 + 33*r + 29. Is y(j) a composite number?
False
Let f be (-496)/(-10) + (-42)/70. Let i = f + -71. Is 2826/66 - 4/i prime?
True
Suppose -83*l + 86197445 = 96*l - 64*l. Is l a prime number?
True
Let z be 1 + (-106)/(-12) + (-22)/(-132). Let f = -61 + 111. Is 4/z - 3715/f*-2 a composite number?
False
Let b = -299 + 302. Suppose b*x = -4*m - 566 + 5590, 5*m = -5*x + 6285. Is m a prime number?
False
Suppose 4*m - l = 95017, 54*l + 95022 = 4*m + 52*l. Is m a composite number?
False
Let r(c) = -8994*c + 209. Is r(-5) prime?
True
Is (72/60 - 1834091/5)/(-1) prime?
False
Suppose -j + 64955 = 4*h - 71792, -j - 136749 = -4*h. Is h composite?
True
Let s(p) = -11*p**3 + 3*p**2 + 6*p + 4. Let i be s(-9). Suppose -8*x + 6*x - i = -4*h, 5*h - 3*x - 10265 = 0. Is h a prime number?
True
Suppose 0 = -5*z - 4*p + 151643, 2*p + 35325 = 2*z - 25361. Is z a composite number?
True
Let v(s) = -1448*s**3 + 2*s**2 + 7*s + 40. Is v(-7) a prime number?
False
Suppose 684*w - 33774154 = 370*w. Is w a composite number?
True
Suppose 1 = -5*d - 9. Is 15/20 + d/(-16)*4146 a prime number?
False
Suppose -4